= -l. Let y be q(-1). Let o(h) = -6*h**3 - 5*h**2 - h + 1. Let w(f) = -f**3 - f**2. Let p(i) = o(i) - 4*w(i). Determine p(y).
-3
Let f(q) = -2*q + 7 + 5*q - 2 - 1. Give f(3).
13
Let c(q) = -q**2 + 5*q + 6. Let x = 5 + 1. What is c(x)?
0
Let c = 6 + -8. Let r(n) = -2*n + 6. Let u(k) be the third derivative of -k**4/6 + 2*k**3 - k**2. Let s(f) = c*u(f) + 5*r(f). Determine s(4).
-2
Let u(w) = 6*w**3 - 6*w**2 + w. Let g(z) = 5*z**3 - 5*z**2 + z. Suppose 2*j - 3 = 5. Let y(v) = j*u(v) - 5*g(v). Let a be (-3 + (1 - -2))/(-2). What is y(a)?
0
Let s = 5 - 2. Suppose c = -2 + s. Let t = c + -5. Let v(j) = -j**2 - 5*j - 3. Calculate v(t).
1
Let g(t) = -t + 8 + 0 - t**2 - 3. Let o be g(0). Let m(x) be the third derivative of x**6/120 - x**5/15 - 5*x**4/24 - x**3/3 + 7*x**2. Calculate m(o).
-2
Let n(w) = w**2 + 4*w + 1. Let a(r) = r**3 + 7*r**2 - 6*r + 11. Let z be a(-8). Give n(z).
6
Let t be 5 + 0 + (1 - 5). Let y(p) be the first derivative of -2*p + t - 1/2*p**2. Determine y(4).
-6
Let c(s) = s**3 + 6*s**2. Suppose -8*k - 27 - 21 = 0. Determine c(k).
0
Let p(x) be the second derivative of x**5/10 + x**4/6 - x**2/2 + 20*x. Let o(c) = -c**2 + 5*c - 4. Let y be o(4). Suppose 0 = w - 1 - y. What is p(w)?
3
Let q = 30 - 26. Let t(a) = -a**2 + 2*a + 5. Give t(q).
-3
Let r(q) = -17*q**3 - q**3 + 11*q + 2*q**2 + 5*q - 15*q. Determine r(-1).
19
Let a(p) = -2*p - 3*p + 3*p**2 + 3 + 0*p**3 + p**3. Let d(w) = -w**3 - w + w + w**2 - 4. Let h be d(0). What is a(h)?
7
Let f(x) = x**2 - 1 + 31*x - 30*x + 2. Determine f(-3).
7
Suppose 6*a = 2*a - 4. Let w(b) = -b. Let t(f) = f**2 + f + 3. Let o(n) = a*t(n) + 5*w(n). Let c be o(-4). Let h(r) = r**2 - 6*r + 5. Give h(c).
0
Let k(h) be the first derivative of -h**2/2 - h - 1. Let p be k(0). Let a(z) be the second derivative of -z**4/4 + z**2/2 + 4*z. Give a(p).
-2
Let x be (-1)/2*1/((-3)/(-18)). Let o(w) = w**3 + 3*w**2 - 3. What is o(x)?
-3
Let i(s) = 0*s - 3*s - 2 + 0*s - 3*s. What is i(-2)?
10
Suppose -2*o + 12 = o. Let d(r) be the third derivative of -r**5/60 + r**4/8 - 5*r**3/6 + r**2. Determine d(o).
-9
Let h(y) = -y**2 + 4*y + 9. Suppose 12*z = 10 + 74. Determine h(z).
-12
Let q(v) = -v**2 - 11*v - 11. Let i(s) = -s**2 - 5*s - 5. Let c(d) = 9*i(d) - 4*q(d). Let u be -1*(-1 - (-1 - 1)). Let t be u/(-1*2/(-2)). What is c(t)?
-5
Let v(b) be the third derivative of b**6/120 + b**5/12 + 5*b**4/24 - 2*b**3/3 - b**2. Suppose -n - 3 = 2*i + 5, 5*n + 12 = 4*i. What is v(n)?
-8
Let k(o) = 5*o**2 + 7*o - 4. Suppose -2*v = -c + 8, c + 3 - 17 = 5*v. Let j(t) = 3*t**2 + 4*t + 3 - 6 + 1. Let m(n) = c*k(n) - 7*j(n). Calculate m(-2).
-6
Let i(u) = u**2 + 9*u + 2. Suppose -4*b - 30 = 3*o, -1 = 4*o - 3*b + 14. Calculate i(o).
-16
Let h(f) be the second derivative of -f - 3/2*f**2 - 1/2*f**3 + 0 + 1/12*f**4. Give h(4).
1
Let m(q) be the second derivative of -13*q**7/2520 - q**6/720 - q**5/120 - q**4/12 - 4*q. Let i(z) be the third derivative of m(z). Determine i(-1).
-13
Let r(x) = 2*x - 1. Let s = -16 + 24. Suppose -3*w + 75 = 4*m, -s*m + 2*w + 65 = -3*m. Suppose 0 = -2*u + 6*u - 5*f - 27, -3*u + m = -2*f. Give r(u).
5
Let u = 9 - -1. Suppose -3*r = r + 2*v + 16, 0 = r - 3*v - u. Let i(j) = 9*j - 17. Let o(h) = -5*h + 9. Let z(l) = -6*i(l) - 11*o(l). Give z(r).
1
Let i(g) = 0*g**2 + 4*g + 3 - 5*g**2 + 6*g**2. Determine i(-3).
0
Let r(g) = 2 - 2 + 6*g + 3. Suppose -7*i + 9 - 23 = 0. What is r(i)?
-9
Let u(l) = -13 - 4 + 43 + 4*l + 35. Let c(k) = k + 15. Let t(o) = -9*c(o) + 2*u(o). Let x be t(-10). Let a(q) = q**2 + 3*q + 1. What is a(x)?
1
Suppose 2*l - 5 - 1 = 0, -4*l = -2*k - 4. Let v(b) = b**2 - 4*b + 2. Give v(k).
2
Suppose 0*k - 5*k + 5 = 0. Let m(d) = -5*d - 2. Let y(j) = -15*j - 5. Let l(g) = -8*m(g) + 3*y(g). Calculate l(k).
-4
Let g(w) = -w + 8. Let y be g(6). Let d = y - 0. Let z(l) = -d + 2*l - 4*l**2 + 1 - l**3 + 8*l**2. What is z(4)?
7
Let p(q) be the second derivative of q - 7/6*q**3 + 1/12*q**4 + 0 + 1/2*q**2. What is p(6)?
-5
Let b(m) = m + 4. Let u = -24 + 19. What is b(u)?
-1
Let u(f) = f - 8. Let d = 25 + -35. Let r be ((-8)/d)/((-4)/(-20)). What is u(r)?
-4
Suppose -3*k + 9 = 36. Let t(g) = 2*g + 3. Calculate t(k).
-15
Let h(a) = a**2 + 5*a + 6. Let q be h(-4). Suppose i + q*o = 10, 4*i = 4*o + 1 + 3. Let j(n) = n - 4 - i*n + 2*n. What is j(0)?
-4
Let u(w) = -9*w**2 + 23*w - 11. Let b(q) = 5*q**2 - 12*q + 6. Let p(a) = 7*b(a) + 4*u(a). Let y be p(7). Let x(h) = -h**2 + 7*h + 7. Give x(y).
17
Let r be (-6)/8 - (-2)/(-8). Let h(z) = 2. Let j(l) = l - 9. Suppose 47 = -4*t - 5*b, -b + 1 + 4 = 0. Let g(y) = t*h(y) - 4*j(y). Determine g(r).
4
Let u be (-114)/(-9) + (-6)/9. Let h = u - 7. Let b(y) = y**3 - 6*y**2 + 4*y + 4. What is b(h)?
-1
Let f(h) = 29*h**2 + 10*h - 7. Let w(o) = 19*o**2 + 7*o - 5. Let d(i) = 5*f(i) - 7*w(i). Calculate d(-1).
11
Let f(o) = 4*o - o**2 - 3*o + 0*o**2 + 1. What is f(3)?
-5
Let l(d) = -d - 5. Let t(f) = 1. Suppose -2*x + 18 = -4*v, 3*x = 2*x + 5*v + 6. Suppose -3*s - x = 1. Let n(r) = s*t(r) + l(r). What is n(-5)?
-4
Let v(y) = y**3 - 5*y**2 - 9*y + 12. Let j be v(6). Let w(g) = -g**2 - 7*g - 2. What is w(j)?
4
Let j = -1 + 3. Suppose 0 = -j*l + 1 + 5. Let t(h) = h + 1. Give t(l).
4
Let a(i) = -i - 4. Suppose 0 = -v + 2 - 7. Let k(m) = -m**2 - 5*m + 6. Let q be k(v). Give a(q).
-10
Let m(t) = 2*t - 3. Let g(u) = -4*u + 7. Let n(z) = 6*g(z) + 13*m(z). Calculate n(3).
9
Let k(v) = -2*v**2 + 9*v + 1. Let i(l) = l**3 + 3*l**2 + 4. Let u be i(-3). Let g(d) = -d**2 + 4*d + 1. Let o(n) = u*k(n) - 9*g(n). What is o(0)?
-5
Let q = 23 + -22. Let v(r) = -8*r**2 - r + 1. Calculate v(q).
-8
Let x(k) = 4*k**3 - k**2 - 2*k - 3. Let t(p) be the third derivative of p**6/120 + p**3/6 + p**2. Let j(y) = 2*t(y) + x(y). Suppose 4*o + 0 + 4 = 0. Give j(o).
-6
Let w(h) = 3*h**3 - h**2 - 2*h - 1. Let m(q) = q**2 + q + 2. Let k be m(0). Suppose r - 2*r = -k. Suppose -r - 2 = 4*t. Calculate w(t).
-3
Let j(h) = -h**2 + 2*h**2 - 3 + 3*h + h + 0. Let u be j(-5). Let l(q) = q - 1. Give l(u).
1
Let x(b) = b + 1. Let s(z) = -10*z - 4. Let d(t) = s(t) + 8*x(t). Calculate d(5).
-6
Let f(n) be the first derivative of -n**6/120 - n**5/60 - n**4/8 - n**3/3 + 3*n**2/2 + 6. Let q(w) be the second derivative of f(w). Calculate q(-2).
8
Let j(i) be the third derivative of -i**8/6720 + i**7/1260 - i**5/120 + i**4/8 + i**2. Let x(r) be the second derivative of j(r). Determine x(1).
0
Let f(r) be the first derivative of r**3/3 + 5*r**2/2 - 8*r - 1. Determine f(-6).
-2
Let d be (0 - -3)/((-3)/(-3)). Let t(l) = -l**2 - 1 + 2*l**d - 1 - 3*l**3 - 2*l. Let u be ((-4)/6)/(1/3). Give t(u).
6
Let a(i) be the second derivative of -i**7/2520 + i**6/720 + i**5/30 - i**4/4 - i. Let q(n) be the third derivative of a(n). Calculate q(0).
4
Let y(f) = -f**2 + 10*f - 7. Let z be y(9). Let b be z/8 - (-3)/(-12). Let k(j) be the second derivative of -j**4/12 + 4*j**2 + 10*j. Determine k(b).
8
Let n(m) be the second derivative of -3*m**8/2240 + m**7/1260 - m**5/120 + m**4/12 - 4*m. Let a(f) be the third derivative of n(f). Determine a(1).
-8
Let h(n) be the second derivative of -n**4/12 - 5*n**3/6 + n**2 - 3*n. Calculate h(-6).
-4
Let p(x) = -x**3 - 2*x**2 - 2*x - 1. Let n = -10 - -4. Let y be n/(-4)*(-2 + 0). Give p(y).
14
Let m(u) = 7*u - 6. Let f be 12/18 + (-4)/(-3). Suppose -f*q - 6 = -q. Let b(z) = -15*z + 13. Let r(d) = q*b(d) - 13*m(d). Determine r(2).
-2
Suppose -4*n - 12 = -4*m, -4*m - n + 5 = -12. Let a(h) = 2*h - 4. Give a(m).
4
Let u(n) be the third derivative of -n**4/24 + 5*n**3/3 + 27*n**2. Calculate u(9).
1
Let l(k) = k + 3*k - 5*k - 4. Let x(n) = 2*n + 9. Let v(h) = -13*l(h) - 6*x(h). Give v(1).
-1
Let u(q) = -q**2 - 7*q. Let t be u(-5). Let l = -6 - -9. Suppose t - 1 = l*r. Let b(w) = 2*w**2 - 4*w. Determine b(r).
6
Let k(t) be the second derivative of -t**5/20 - 5*t**4/12 + 4*t**3/3 + 4*t**2 + t. Let r(m) = -m**2 - 2*m + 2. Let a be r(2). Calculate k(a).
-4
Let j(h) be the second derivative of h**4/12 - 5*h**3/6 + h**2 - 2*h. What is j(3)?
-4
Let m(w) be the third derivative of w**6/120 - w**5/15 + w**4/6 + 28*w**2. Determine m(3).
3
Let f(x) = -x**2 + x. Let c be f(1). Suppose 4*s - 5 = 7. Let u(l) = -2 + s + 5 + l**2 + l**3. Give u(c).
6
Let d(i) = -i - 1. Let m be d(-6). Let j(q) = -q**3 + 3*q**2 + 6*q + 7. Calculate j(m).
-